 of 81344?
1
What is the units digit of 33841?
1
What is the units digit of 27287?
7
What is the ten thousands digit of 73102?
7
What is the tens digit of 1986?
8
What is the thousands digit of 1804?
1
What is the tens digit of 288?
8
What is the hundreds digit of 35127?
1
What is the tens digit of 2147?
4
What is the units digit of 4029?
9
What is the tens digit of 1392?
9
What is the tens digit of 10698?
9
What is the units digit of 145?
5
What is the tens digit of 578?
7
What is the units digit of 648?
8
What is the ten thousands digit of 15119?
1
What is the thousands digit of 30101?
0
What is the thousands digit of 59765?
9
What is the thousands digit of 52554?
2
What is the tens digit of 21629?
2
What is the units digit of 85?
5
What is the hundreds digit of 777?
7
What is the hundreds digit of 8612?
6
What is the tens digit of 568?
6
What is the tens digit of 32875?
7
What is the units digit of 120325?
5
What is the hundreds digit of 1566?
5
What is the units digit of 3527?
7
What is the thousands digit of 1441?
1
What is the units digit of 485?
5
What is the hundreds digit of 3352?
3
What is the units digit of 9084?
4
What is the units digit of 1584?
4
What is the hundreds digit of 736?
7
What is the hundreds digit of 79628?
6
What is the tens digit of 2432?
3
What is the tens digit of 43601?
0
What is the thousands digit of 2639?
2
What is the tens digit of 88?
8
What is the hundreds digit of 11342?
3
What is the units digit of 140061?
1
What is the tens digit of 24903?
0
What is the ten thousands digit of 12523?
1
What is the hundred thousands digit of 149500?
1
What is the hundreds digit of 1912?
9
What is the tens digit of 27748?
4
What is the ten thousands digit of 63810?
6
What is the thousands digit of 29323?
9
What is the thousands digit of 84702?
4
What is the units digit of 25614?
4
What is the tens digit of 35515?
1
What is the thousands digit of 1534?
1
What is the tens digit of 42826?
2
What is the units digit of 788?
8
What is the thousands digit of 1984?
1
What is the hundreds digit of 111?
1
What is the tens digit of 15322?
2
What is the hundreds digit of 12797?
7
What is the ten thousands digit of 32127?
3
What is the units digit of 15019?
9
What is the thousands digit of 1216?
1
What is the units digit of 120?
0
What is the units digit of 299?
9
What is the ten thousands digit of 11020?
1
What is the tens digit of 664?
6
What is the hundreds digit of 2125?
1
What is the ten thousands digit of 83824?
8
What is the hundreds digit of 6816?
8
What is the ten thousands digit of 20510?
2
What is the tens digit of 2277?
7
What is the thousands digit of 22450?
2
What is the tens digit of 452?
5
What is the hundred thousands digit of 116408?
1
What is the units digit of 6993?
3
What is the ten thousands digit of 24889?
2
What is the thousands digit of 4238?
4
What is the hundreds digit of 318?
3
What is the tens digit of 2264?
6
What is the tens digit of 3165?
6
What is the hundreds digit of 11110?
1
What is the units digit of 5818?
8
What is the tens digit of 1336?
3
What is the thousands digit of 1707?
1
What is the units digit of 47422?
2
What is the tens digit of 368?
6
What is the tens digit of 1434?
3
What is the thousands digit of 18688?
8
What is the tens digit of 5269?
6
What is the units digit of 7638?
8
What is the units digit of 10140?
0
What is the units digit of 563?
3
What is the thousands digit of 2920?
2
What is the units digit of 54516?
6
What is the ten thousands digit of 62168?
6
What is the units digit of 2473?
3
What is the units digit of 4091?
1
What is the tens digit of 20722?
2
What is the tens digit of 1425?
2
What is the hundreds digit of 2625?
6
What is the units digit of 14003?
3
What is the thousands digit of 2346?
2
What is the thousands digit of 1587?
1
What is the thousands digit of 79396?
9
What is the hundreds digit of 1947?
9
What is the ten thousands digit of 71715?
7
What is the ten thousands digit of 46381?
4
What is the hundreds digit of 5251?
2
What is the units digit of 241?
1
What is the tens digit of 621?
2
What is the tens digit of 279?
7
What is the units digit of 10720?
0
What is the units digit of 2397?
7
What is the hundreds digit of 3847?
8
What is the hundreds digit of 4282?
2
What is the ten thousands digit of 125999?
2
What is the ten thousands digit of 36554?
3
What is the ten thousands digit of 11297?
1
What is the hundreds digit of 539?
5
What is the units digit of 425?
5
What is the hundreds digit of 737?
7
What is the units digit of 4235?
5
What is the hundreds digit of 468?
4
What is the hundreds digit of 595?
5
What is the hundreds digit of 787?
7
What is the units digit of 12253?
3
What is the hundreds digit of 5907?
9
What is the hundreds digit of 97690?
6
What is the thousands digit of 52085?
2
What is the thousands digit of 1098?
1
What is the tens digit of 5413?
1
What is the units digit of 3337?
7
What is the hundreds digit of 409?
4
What is the ten thousands digit of 30344?
3
What is the units digit of 2134?
4
What is the units digit of 14583?
3
What is the hundreds digit of 1750?
7
What is the thousands digit of 5647?
5
What is the units digit of 4971?
1
What is the tens digit of 1120?
2
What is the hundreds digit of 76645?
6
What is the units digit of 704?
4
What is the units digit of 3661?
1
What is the tens digit of 43665?
6
What is the hundreds digit of 829?
8
What is the hundreds digit of 318?
3
What is the tens digit of 1790?
9
What is the tens digit of 110002?
0
What is the thousands digit of 10180?
0
What is the thousands digit of 2666?
2
What is the units digit of 3733?
3
What is the tens digit of 1439?
3
What is the tens digit of 2283?
8
What is the thousands digit of 1583?
1
What is the thousands digit of 21769?
1
What is the units digit of 19?
9
What is the tens digit of 824?
2
What is the units digit of 33734?
4
What is the thousands digit of 9058?
9
What is the units digit of 7808?
8
What is the hundreds digit of 40873?
8
What is the thousands digit of 1021?
1
What is the hundreds digit of 12677?
6
What is the units digit of 37889?
9
What is the hundreds digit of 11829?
8
What is the tens digit of 47349?
4
What is the tens digit of 59196?
9
What is the thousands digit of 1399?
1
What is the tens digit of 1122?
2
What is the ten thousands digit of 72528?
7
What is the thousands digit of 3507?
3
What is the thousands digit of 1694?
1
What is the hundreds digit of 3187?
1
What is the units digit of 1620?
0
What is the hundreds digit of 29300?
3
What is the hundreds digit of 37627?
6
What is the units digit of 27755?
5
What is the units digit of 285?
5
What is the tens digit of 24?
2
What is the thousands digit of 19382?
9
What is the hundreds digit of 48773?
7
What is the hundreds digit of 1882?
8
What is the tens digit of 7365?
6
What is the units digit of 925?
5
What is the units digit of 76?
6
What is the ten thousands digit of 37687?
3
What is the units digit of 8300?
0
What is the hundreds digit of 468?
4
What is the thousands digit of 24410?
4
What is the ten thousands digit of 16706?
1
What is the tens digit of 586?
8
What is the units digit of 32546?
6
What is the hundreds digit of 8336?
3
What is the ten thousands digit of 37168?
3
What is the hundreds digit of 38223?
2
What is the units digit of 1535?
5
What is the units digit of 40616?
6
What is the ten thousands digit of 21571?
2
What is the thousands digit of 2109?
2
What is the units digit of 476?
6
What is the units digit of 161?
1
What is the thousands digit of 1588?
1
What is the ten thousands digit of 36930?
3
What is the thousands digit of 9295?
9
What is the hundreds digit of 4129?
1
What is the hundreds digit of 301?
3
What is the hundreds digit of 4727?
7
What is the tens digit of 20007?
0
What is the thousands digit of 17840?
7
What is the tens digit of 16433?
3
What is the units digit of 596?
6
What is the units digit of 1712?
2
What is the units digit of 162?
2
What is the thousands digit of 27539?
7
What is the units digit of 57419?
9
What is the units digit of 407?
7
What is the hundreds digit of 1070?
0
What is the tens digit of 8282?
8
What is the thousands digit of 104324?
4
What is the units digit of 12052?
2
What is the hundreds digit of 259?
2
What is the thousa